 l?
4
Let h = 27 + -23. Suppose 0 = 2*d + 5*c - 130, -h*d - c + 188 = -90. What is the tens digit of d?
7
Suppose 9*i + 9 = 12*i. Let q be (-104)/i*27/(-18). Suppose -4*j - q = -4*l, j = 4*l - 0*j - 46. What is the units digit of l?
1
Let o(t) = -12*t + 289. What is the hundreds digit of o(-10)?
4
Suppose 542 = 5*m - 928. Suppose -2*o + 30 = 3*o. Suppose o*p - m = -p. What is the tens digit of p?
4
Let h(o) = -o**2 + o + 157. Let x(v) = -6*v + 24. Let t be x(4). What is the tens digit of h(t)?
5
Suppose 0 = -2*u + 2 - 14. What is the units digit of (180 - 21)*(-2)/u*1?
3
Let m(a) = 34*a - 133. What is the units digit of m(26)?
1
Let j(v) = v**2 - 7*v + 14. Let m = -10 - -15. Let q be j(m). Suppose -o - 231 - 11 = -5*w, -q*o = w - 40. What is the units digit of w?
8
Let c(a) = -a**3 - 3*a**2 + 5*a - 1. Let z be c(-5). Let v = 14 + z. What is the tens digit of v?
3
Let g be (-9)/45 + 21/5. Suppose -o + 4*o = g*y + 9, 6 = 5*y + 2*o. What is the units digit of 3 - -1*(y - 0)?
3
Let i(d) = -3*d. Let z be i(0). What is the tens digit of (z - 44)*(-9)/(-12)*-5?
6
Suppose 93*x - 80*x = 26091. What is the hundreds digit of x?
0
Let r(a) = -7*a - 3*a + 9*a - 4 - 1. Let s be r(-9). Suppose 101 = s*x - f, -x - 3*f = x - 61. What is the units digit of x?
6
Let h(k) = -18*k**2 - 15*k - 11. Let q be h(-23). What is the tens digit of ((-2)/4)/(q/1312 + 7)?
6
Let l(v) = 6*v**2 + 8*v - 16. What is the units digit of l(10)?
4
Suppose 0*r - 32 = -r. Let f = r - 19. Suppose 2*y = -2*j - 5 + f, 3*y - 9 = -2*j. What is the units digit of y?
1
Suppose -3*t - 6 = -15. Let q(u) = t + 3 - 16 + 13*u. What is the tens digit of q(7)?
8
Suppose 6*h = 565 + 275. Suppose -8*c + h = -140. What is the units digit of c?
5
Let k(u) = -u**2 + u. Let g(d) = d**3 - 6*d**2 - 13*d + 22. Let x(a) = g(a) + 4*k(a). What is the units digit of x(11)?
4
Let t(h) = h**2 + 8*h - 14. Let c be t(-10). Let q be 3 + (3 - c) + 49. Let a = -27 + q. What is the units digit of a?
2
Suppose 4*z - 5*y - 20 = 8, -2*z + 14 = -3*y. Let h be 9/6 - (-34)/4. Let n = h - z. What is the units digit of n?
3
Let p be -2 + (4 - -17 - 1). Suppose -42 = -4*q - 4*s + p, 2*q - 4*s = 12. What is the units digit of q?
2
Suppose 40 = -0*m + 2*m. Let t be 8/m + (-21)/15. What is the tens digit of (-28)/(-10)*(t + 6)?
1
Let r(x) = x + 15. Let y be r(-12). Suppose -5*h + 121 = -3*c - 94, 130 = y*h - 2*c. Let d = h - 15. What is the units digit of d?
5
Let i(a) = 32*a - 2. Suppose 7*l - 6*l + 1 = 0. Let c = l + 2. What is the units digit of i(c)?
0
Suppose -3*d = -b + 286, 4*b - d + 366 = 1466. What is the tens digit of b?
7
Suppose -103 = -5*f - 3*l, -3*l + 7*l + 56 = 3*f. Let p be -1*(-5 - f/(-5)). What is the units digit of p + 4 + 6/1?
1
Let q = 4278 + -2265. What is the hundreds digit of q?
0
Let b(h) = 3*h**2 + 5*h + 4. Let v(p) = -p + 5. Let f be v(-4). Let l = 5 - f. What is the tens digit of b(l)?
3
Let d(x) be the third derivative of x**5/60 + 5*x**4/24 - 25*x**3/6 - 11*x**2. What is the units digit of d(-13)?
9
Let m be (-22)/110 + 11/5. Let s(v) = 2*v**3 + v**2 - 3*v + 3. What is the tens digit of s(m)?
1
Let v be ((-2)/(-6) - 1)/((-10)/45). Suppose -4*x + 13 = -u + 48, -x - 116 = -v*u. What is the tens digit of u?
3
Let p(t) = t**2 - 2*t - 6. Let q be p(4). What is the tens digit of 57 + -10 + q + -5?
4
Suppose 2*l - 3060 = 5*h, 5*l - 2540 = -h + 5137. What is the hundreds digit of l?
5
What is the thousands digit of 16479/9 + (-5 - (-50)/5)?
1
Let x(m) = 2*m**2 + 5*m. Let l(z) = 8*z - 7. Let w(b) = 23*b - 20. Let u(t) = 17*l(t) - 6*w(t). Let q be u(3). What is the tens digit of x(q)?
2
Let b = 624 - 402. Suppose 2*w = b + 26. What is the tens digit of w?
2
Suppose -6 = 2*s, -13*a + 479 = -11*a - s. What is the hundreds digit of a?
2
Suppose -m = -3*s - 3181, -76*m + 72*m + 12724 = 3*s. What is the tens digit of m?
8
Suppose -3*k - 1 = 3*u + 11, -u = 3. What is the tens digit of 1 - ((-120)/(-25))/(k/30)?
4
Let u = 1628 - 1036. What is the units digit of u?
2
Let y = 34 + -35. What is the units digit of 5 - (3 + (-3)/(-2 + y))?
1
Let j be ((-534)/(-3))/((-5)/(-10)). What is the tens digit of 7/(-21) + j/6?
5
Suppose -4*v + 4*t + 266 = -70, 0 = -2*v + 5*t + 177. What is the tens digit of v?
8
Let u(y) be the first derivative of y**4/4 + 10*y**3/3 + 13*y**2/2 + 11*y - 10. What is the tens digit of u(-8)?
3
Let m(u) = -4*u**2 + 8*u + 1. Let h(g) = -5*g**2 + 9*g. Let z(c) = 3*h(c) - 4*m(c). What is the units digit of z(10)?
6
Suppose 5*n = 5*y + 35, n - 4*y + y = -3. Let m(k) = -2*k - 18. Let u be m(-10). Let j = u + n. What is the units digit of j?
4
Let o = -90 - -90. What is the units digit of 0 - o - (0 - 139)?
9
Suppose 2*g + 2 = -0. Let b(u) = 17*u**2. Let p be b(g). Let q = -6 + p. What is the tens digit of q?
1
Let h(a) = 2*a - 4. Let v be h(0). What is the units digit of (-2 - -2 - -2)/(v/(-66))?
3
Suppose 14*t + 50 = 9*t. What is the hundreds digit of 288 - 5/(t/4)?
2
Let w = -614 + 2071. What is the hundreds digit of w?
4
Suppose -3*y - 30 = -3*x, 3*x - 3*y = -5*y + 5. Suppose -x*u - 1 = -11. Suppose 0 = u*v - 5*v + 156. What is the tens digit of v?
5
Let y be (-1 - -74)/(10/20). Suppose -105 = -3*d - 5*g + 147, -2*d + y = -4*g. What is the units digit of d?
9
Let o be -2 - (0 - 3 - -2). Let b(a) = -9*a**3 - 2*a**2 - a. Let u be b(o). Let n = 14 - u. What is the units digit of n?
6
Suppose 4*o + 13060 = 4*b, 2*o - 7879 = -5*b + 8411. What is the units digit of b?
0
Let m be 1*-4 + (7 - 6). Let s(z) = 9*z**2 + 5*z + 4. What is the tens digit of s(m)?
7
Suppose -2*q + 394 = 3*m - 7*m, 5*m + 394 = 2*q. Let o = q + -113. What is the units digit of o?
4
What is the units digit of (-6 + 2670/54*-3)*-6?
6
Let m = -663 + 409. Let x = m - -535. What is the hundreds digit of x?
2
Let y(k) be the third derivative of -5*k**4/24 + k**3/6 - 31*k**2. What is the units digit of y(-15)?
6
Let v(p) = 157*p - 579. What is the units digit of v(12)?
5
Let b = -199 - -1102. What is the units digit of b?
3
Suppose 0 = -11*r + 7*r + 1176. Suppose 8*g - 5*g - r = 0. What is the units digit of g?
8
Let g = 146 + 57. What is the tens digit of g?
0
Let o(d) = 14*d - 103. What is the hundreds digit of o(18)?
1
Let z(g) = -g**3 + 29*g**2 - 38*g + 8. What is the hundreds digit of z(27)?
4
Suppose s = 0, -t - 2*t + 5*s = -7710. What is the tens digit of t?
7
Suppose -4*m - 4*n = -5*n - 23, -3*m + 21 = 3*n. Let w(h) = -m + 6 + 0 - h. What is the units digit of w(-5)?
5
Let b(u) = -2*u - 16. Let d(l) = -6 + l + 2 - 3 + 6. Let m(n) = b(n) - 4*d(n). What is the tens digit of m(-9)?
4
Suppose 0 = 2*c + x - 4392 - 4444, 3*c - 5*x = 13241. What is the hundreds digit of c?
4
Let n(z) = 3*z**3 - 17*z**2 + 11*z + 6. Suppose -1 - 3 = 4*k, 0 = -5*o + 4*k + 34. What is the units digit of n(o)?
8
Suppose -x = -4*f - 107, -3*x + 4*f + 567 = 2*x. Suppose -3*s + h + x = 0, 0 = -2*s - 3*h + 26 + 58. What is the tens digit of s?
3
Let u = -119 + 260. Suppose 2*z + n = u, 0 = -4*z - 2*n - n + 281. What is the units digit of z?
1
Suppose -4*g - a = -0*a + 135, 2*g + 4*a + 50 = 0. Let n = 0 + g. What is the units digit of 10/n - 142/(-7)?
0
Let y(p) = -7*p**3 - p + 1. Let s be y(1). Let z = s - -8. Suppose -55 = -l - z. What is the units digit of l?
4
Suppose -22*u + 47*u - 101750 = 0. What is the thousands digit of u?
4
Suppose -13*u + 374 + 250 = 0. What is the units digit of u?
8
Let k(g) = g**3 - 19*g**2 - g - 34. What is the hundreds digit of k(21)?
8
Suppose -5*h + 114 = -o - 81, -2*h + o = -81. Suppose -4*i = 2*x + x - h, 2 = i. Suppose 126 = 4*q - x. What is the tens digit of q?
3
Suppose 5909 = 5*g - 7696. What is the tens digit of g?
2
What is the units digit of 1424 - ((7 - 9) + -6)?
2
Let m(s) = s**3 + s**2 - s. Let p(t) = 6*t**3 - 3. Let x(h) = -m(h) + p(h). What is the units digit of x(2)?
5
Let x = 35 + -29. Suppose -1803 + 189 = -x*w. What is the hundreds digit of w?
2
Suppose -15*c + 612 = -17*c. What is the tens digit of c/8*16/(-6)?
0
Let m be (-3 - 0)/(6/(-358)). Suppose -m = 8*w - 659. What is the tens digit of w?
6
Let p(s) = -2*s**3 - 20*s**2 - 19*s - 11. What is the tens digit of p(-15)?
2
Let f(w) = w**3 + 32*w**2 + 80*w - 11. What is the hundreds digit of f(-20)?
1
Let w = 386 - -107. What is the tens digit of w?
9
What is the